{"id":10081,"date":"2025-06-16T11:51:01","date_gmt":"2025-06-16T18:51:01","guid":{"rendered":"https:\/\/perssonrareminerals.com\/?post_type=product&#038;p=10081"},"modified":"2025-12-24T13:24:55","modified_gmt":"2025-12-24T20:24:55","slug":"metatorbernite-zalesi-uranium-deposit-zalesi-javornik-jesenik-district-olomouc-region-czech","status":"publish","type":"product","link":"https:\/\/perssonrareminerals.com\/?product=metatorbernite-zalesi-uranium-deposit-zalesi-javornik-jesenik-district-olomouc-region-czech","title":{"rendered":"Metatorbernite: Z\u00e1les\u00ed uranium deposit, Z\u00e1les\u00ed, Javorn\u00edk, Jesenik District, Olomouc Region, Czech"},"content":{"rendered":"<p><strong>Species: Metatorbernite<br \/>\n<\/strong><strong>Locality: Z\u00e1les\u00ed uranium deposit, Z\u00e1les\u00ed, Javorn\u00edk, Jesenik District, Olomouc Region, Czech<br \/>\n<\/strong><strong>Dimensions: 6.3 x 3.7 x 10.2 cm<\/strong><\/p>\n<p class=\"p1\"><strong>Rich, large cabinet-size specimen of Metatorbernite from the Z\u00e1les\u00ed uranium deposit, Z\u00e1les\u00ed, Javorn\u00edk, Jesenik District, Olomouc Region, Czech. Quinter Coll. # U\/Th 0891, <span style=\"color: #000000;\">Ex. Eric Quinter Collection. Rare!!<\/span><\/strong><\/p>\n","protected":false},"excerpt":{"rendered":"<p>Species: Metatorbernite Locality: Z\u00e1les\u00ed uranium deposit, Z\u00e1les\u00ed, Javorn\u00edk, Jesenik District, Olomouc Region, Czech Dimensions: 6.3 x 3.7 x 10.2 cm Rich, large cabinet-size specimen of Metatorbernite from the Z\u00e1les\u00ed uranium deposit, Z\u00e1les\u00ed, Javorn\u00edk, Jesenik District, Olomouc Region, Czech. Quinter Coll. # U\/Th 0891, Ex. Eric Quinter Collection. Rare!!<\/p>\n","protected":false},"featured_media":10084,"template":"","meta":[],"_links":{"self":[{"href":"https:\/\/perssonrareminerals.com\/index.php?rest_route=\/wp\/v2\/product\/10081"}],"collection":[{"href":"https:\/\/perssonrareminerals.com\/index.php?rest_route=\/wp\/v2\/product"}],"about":[{"href":"https:\/\/perssonrareminerals.com\/index.php?rest_route=\/wp\/v2\/types\/product"}],"wp:featuredmedia":[{"embeddable":true,"href":"https:\/\/perssonrareminerals.com\/index.php?rest_route=\/wp\/v2\/media\/10084"}],"wp:attachment":[{"href":"https:\/\/perssonrareminerals.com\/index.php?rest_route=%2Fwp%2Fv2%2Fmedia&parent=10081"}],"curies":[{"name":"wp","href":"https:\/\/api.w.org\/{rel}","templated":true}]}}